{"id":129,"date":"2024-08-24T21:49:55","date_gmt":"2024-08-25T00:49:55","guid":{"rendered":"https:\/\/tadu.com.br\/?page_id=129"},"modified":"2024-08-24T22:05:58","modified_gmt":"2024-08-25T01:05:58","slug":"curso-de-rapel-tatico","status":"publish","type":"page","link":"https:\/\/tadu.com.br\/?page_id=129","title":{"rendered":"CURSO DE RAPEL T\u00c1TICO"},"content":{"rendered":"\n<p id=\"block-ca823585-ce62-49f7-a837-72be4926512a\"><strong>Objetivos:<\/strong><\/p>\n\n\n\n<p id=\"block-ca823585-ce62-49f7-a837-72be4926512a\">O curso de Rapel \u00e9 adaptado para cada grupo, tem como objetivo acrescentar no curr\u00edculo de seus participantes t\u00e9cnicas e procedimentos em altura, visando a&nbsp; m\u00e1xima seguran\u00e7a, mostramos a utilidade do Rapel T\u00e1tico em diversas \u00e1reas, Policia (Civil, Militar ou Federal), empresas de seguran\u00e7as, seguran\u00e7a no trabalho em altura, e pessoas que queiram se aventurar ou agregar valores&nbsp; no curr\u00edculo. Com t\u00e9cnicas de descidas, utiliza\u00e7\u00e3o de equipamentos e arma de fogo, regate de ref\u00e9ns, inova\u00e7\u00e3o t\u00e1tica em altura com t\u00e9cnicas de conduta de patrulha, principais cadeirinhas e n\u00f3s, ancoragem e t\u00e9cnicas de seguran\u00e7a.<\/p>\n\n\n\n<figure class=\"wp-block-image size-full is-resized\" id=\"block-4d8871ba-74c8-48bb-a469-8cbf0682b0bd\"><img loading=\"lazy\" decoding=\"async\" width=\"575\" height=\"230\" src=\"https:\/\/tadu.com.br\/wp-content\/uploads\/2024\/08\/1.435428.jpg\" alt=\"\" class=\"wp-image-130\" style=\"width:915px;height:auto\" srcset=\"https:\/\/tadu.com.br\/wp-content\/uploads\/2024\/08\/1.435428.jpg 575w, https:\/\/tadu.com.br\/wp-content\/uploads\/2024\/08\/1.435428-300x120.jpg 300w\" sizes=\"auto, (max-width: 575px) 100vw, 575px\" \/><\/figure>\n\n\n\n<p><strong>Conte\u00fado Program\u00e1tico:<\/strong><\/p>\n\n\n\n<ul class=\"wp-block-list\">\n<li>A import\u00e2ncia do rapel;<\/li>\n\n\n\n<li>Conhecendo os equipamentos;<\/li>\n\n\n\n<li>Cadeirinha T\u00e1tica e Emergencial;<\/li>\n\n\n\n<li>Ancoragem;<\/li>\n\n\n\n<li>T\u00e9cnicas de descida;<\/li>\n\n\n\n<li>T\u00e9cnicas descidas pr\u00e1ticas;<\/li>\n\n\n\n<li>Entrada t\u00e1tica com tomada de \u00e2ngulo;<\/li>\n\n\n\n<li>Entrada t\u00e1tica com alvo atiravel;<\/li>\n\n\n\n<li>Simula\u00e7\u00f5es de fato reais.<\/li>\n<\/ul>\n\n\n\n<p><strong>Carga Hor\u00e1ria:<\/strong><\/p>\n\n\n\n<ul class=\"wp-block-list\">\n<li>10 horas (dura\u00e7\u00e3o de 1 ou 2 dias)<\/li>\n<\/ul>\n\n\n\n<p><strong>Materiais Fornecidos:<\/strong><\/p>\n\n\n\n<ul class=\"wp-block-list\">\n<li>Local;<\/li>\n\n\n\n<li>Camiseta TADU;<\/li>\n\n\n\n<li>Caneta;<\/li>\n\n\n\n<li>Bloco de anota\u00e7\u00f5es;<\/li>\n\n\n\n<li>Certificado TADU.<\/li>\n<\/ul>\n\n\n\n<p><strong>Materiais Requeridos&nbsp;(responsabilidade do aluno):<\/strong><\/p>\n\n\n\n<ul class=\"wp-block-list\">\n<li>Calsa preta (obrigat\u00f3rio);<\/li>\n\n\n\n<li>Farda t\u00e1tica com coturnos (opcional);<\/li>\n\n\n\n<li>Garrafa t\u00e9rmica com \u00e1gua ou camelback para a hidrata\u00e7\u00e3o (recomendado).<\/li>\n\n\n\n<li>T\u00eanis ou bota t\u00e1tica;<\/li>\n<\/ul>\n\n\n\n<p><strong>Pr\u00e9-requisitos:<\/strong><\/p>\n\n\n\n<ul class=\"wp-block-list\">\n<li>Ser maior de 16 anos;<\/li>\n\n\n\n<li>Estar em plena condi\u00e7\u00f5es f\u00edsicas.<\/li>\n<\/ul>\n\n\n\n<p><strong>Documentos necess\u00e1rios<\/strong><\/p>\n\n\n\n<ul class=\"wp-block-list\">\n<li>Termo de responsabilidade, se menor assinado pelo respons\u00e1vel legal;<\/li>\n\n\n\n<li>Documento de identidade com foto;<\/li>\n\n\n\n<li>Ficha de matricula preenchida.<\/li>\n<\/ul>\n\n\n\n<p><strong>Valor do Investimento:<\/strong><\/p>\n\n\n\n<ul class=\"wp-block-list\">\n<li>\u00c0 vista:&nbsp;R$ 200,00 (duzentos reais), grupo m\u00ednimo 10 pessoas;<\/li>\n\n\n\n<li>A prazo: at\u00e9 3x.<\/li>\n<\/ul>\n\n\n\n<p id=\"block-b2e14233-f502-4dd1-b46d-2ebb70e320e7\"><strong>Transporte, Hospedagem e Alimenta\u00e7\u00e3o:<\/strong><\/p>\n\n\n\n<ul class=\"wp-block-list\">\n<li>N\u00e3o est\u00e3o inclusos.<\/li>\n<\/ul>\n\n\n\n<p class=\"has-text-align-center\" id=\"block-2c2ba396-f99e-42be-acba-79b7fa9c450b\"><strong>O seu amanh\u00e3 pode depender de hoje.<\/strong><\/p>\n\n\n\n<p><strong><a href=\"https:\/\/tadu.com.br\/julio.html\">*Monte sua turma e seja um parceiro.*<\/a><\/strong><\/p>\n\n\n\n<p><strong><a href=\"https:\/\/tadu.com.br\/julio.html\">*CONTATO*<\/a><\/strong><\/p>\n\n\n\n<ul id=\"block-ef764b71-f32a-44f4-b284-4a10002224a4\" class=\"wp-block-list\"><\/ul>\n\n\n\n<p class=\"has-text-align-center\" id=\"block-809e805f-4d66-4ec8-b80a-320c062d84ac\"><strong><a href=\"https:\/\/tadu.com.br\/\">Voltar<\/a><\/strong><\/p>\n\n\n\n<p id=\"block-8380cab3-4b40-4636-b1bb-b6103744d1ba\"><\/p>\n\n\n\n<p><\/p>\n","protected":false},"excerpt":{"rendered":"<p>Objetivos: O curso de Rapel \u00e9 adaptado para cada grupo, tem como objetivo acrescentar no curr\u00edculo de seus participantes t\u00e9cnicas e procedimentos em altura, visando a&nbsp; m\u00e1xima seguran\u00e7a, mostramos a utilidade do Rapel T\u00e1tico em diversas \u00e1reas, Policia (Civil, Militar ou Federal), empresas de seguran\u00e7as, seguran\u00e7a no trabalho em altura, e pessoas que queiram se [&hellip;]<\/p>\n","protected":false},"author":1,"featured_media":0,"parent":0,"menu_order":0,"comment_status":"closed","ping_status":"closed","template":"","meta":{"footnotes":""},"class_list":["post-129","page","type-page","status-publish","hentry"],"_links":{"self":[{"href":"https:\/\/tadu.com.br\/index.php?rest_route=\/wp\/v2\/pages\/129","targetHints":{"allow":["GET"]}}],"collection":[{"href":"https:\/\/tadu.com.br\/index.php?rest_route=\/wp\/v2\/pages"}],"about":[{"href":"https:\/\/tadu.com.br\/index.php?rest_route=\/wp\/v2\/types\/page"}],"author":[{"embeddable":true,"href":"https:\/\/tadu.com.br\/index.php?rest_route=\/wp\/v2\/users\/1"}],"replies":[{"embeddable":true,"href":"https:\/\/tadu.com.br\/index.php?rest_route=%2Fwp%2Fv2%2Fcomments&post=129"}],"version-history":[{"count":4,"href":"https:\/\/tadu.com.br\/index.php?rest_route=\/wp\/v2\/pages\/129\/revisions"}],"predecessor-version":[{"id":135,"href":"https:\/\/tadu.com.br\/index.php?rest_route=\/wp\/v2\/pages\/129\/revisions\/135"}],"wp:attachment":[{"href":"https:\/\/tadu.com.br\/index.php?rest_route=%2Fwp%2Fv2%2Fmedia&parent=129"}],"curies":[{"name":"wp","href":"https:\/\/api.w.org\/{rel}","templated":true}]}}